3 = 0. Calculate the remainder when s/27 - -2*1/3 is divided by 11.
0
Let b = -90 - -126. Suppose 0 = -4*u + 2*u + 122. Let i = u - b. Calculate the remainder when i is divided by 9.
7
Let w = 1560 - 1550. Suppose b - 6*b + 3*z + 392 = 0, 0 = -z + 1. Calculate the remainder when b is divided by w.
9
Suppose 38*u = 50*u - 6168. Calculate the remainder when u is divided by 5.
4
Suppose 5*m = 2*x - 146 - 47, -3*m = -2*x + 187. Suppose p - 3*p + t + 37 = 0, 5*p + t - x = 0. Calculate the remainder when 68 is divided by p.
14
Calculate the remainder when (3 - 1) + (307 - -21) is divided by 37.
34
Let z = -13 + 14. Let g(s) = 14*s**3. Calculate the remainder when 39 is divided by g(z).
11
Suppose -81*q + 76*q + 1220 = 0. Calculate the remainder when q is divided by 41.
39
Let u be (-18)/(-27) + 3*34/9. Let r = u + 4. What is the remainder when 62 is divided by r?
14
Let g = 316 - 239. Suppose 0 = -0*p + 5*p + 100. Calculate the remainder when g is divided by (-4)/10 + (-408)/p.
17
Let z = 761 - 419. Suppose -6*c - 72 + z = 0. What is the remainder when c is divided by 16?
13
Let i = -682 - -796. Calculate the remainder when 445 is divided by i.
103
Suppose -3*b - 165 = -831. Let p = 44 - b. Let f = -95 - p. Calculate the remainder when f is divided by 17.
15
Suppose 0*c = 4*c - 8. Suppose -4*m - 8 = 0, c*m - 9 + 1 = -a. Let u(f) = -f**3 + 9*f**2 + f - 6. Calculate the remainder when a is divided by u(9).
0
Let j = 4 + 9. What is the remainder when (9/9)/(1/25) is divided by j?
12
Let n = -34 - -52. What is the remainder when 30 - (85/(-20) + (-18)/24) is divided by n?
17
Let s(x) = -31*x + 397. Let f(v) = -2*v**3 + 2*v**2 + 2*v. Let k be f(-2). Suppose 0 = -d + k + 2. What is the remainder when s(10) is divided by d?
21
Let i = 14 + -9. Suppose 0 = -6*y + 116 + 106. What is the remainder when y is divided by i?
2
Let o = -54 + 494. Calculate the remainder when o is divided by 21.
20
Let s(d) = -d**3 + 17*d**2 - 55*d - 19. What is the remainder when 303 is divided by s(11)?
99
Let s = -9 + -68. What is the remainder when 62 is divided by (-1631)/s - (1 - 9/11)?
20
Suppose -36 = -5*t + 2*t. Calculate the remainder when t is divided by (15/(-20) - 10/(-24))*-21.
5
Suppose 14 = -x - 5*v, 46 = 5*x - 4*v - 0*v. Suppose 8*q = x*q + 42. What is the remainder when 53 is divided by q?
11
What is the remainder when ((-2)/16)/(-1) + (-19278)/(-272) is divided by (-4)/8*-2*3?
2
Let b(v) = v**3 + 11*v**2 - 8*v. What is the remainder when b(-11) is divided by 18?
16
Let f = -50 - -89. Let u = f + -36. What is the remainder when 5 is divided by u?
2
Suppose 5*r + 92 = 277. Let s = -5 + r. What is the remainder when s is divided by 17?
15
Let h = -8 + 23. Suppose -57*s + 45*s + 480 = 0. What is the remainder when s is divided by h?
10
Let a(v) = -9*v - v**2 - 16*v - 4 + 17*v. Suppose 0*j = 3*j + z + 25, -3*z + 9 = -3*j. Calculate the remainder when a(j) is divided by 1.
0
Suppose 0 = -4*n - 2*n + 174. Calculate the remainder when 115 is divided by n.
28
Let r(i) = 15*i**2 + 1. Let z = -14 - -14. Suppose m - 9 = -z. Calculate the remainder when r(-1) is divided by m.
7
Let w(y) = -y**3 - 20*y**2 - 22*y - 33. What is the remainder when 61 is divided by w(-19)?
13
Let r = 24 - -31. Suppose 80*h - 78*h - 48 = -4*f, -f - 2*h = 0. What is the remainder when r is divided by f?
7
Suppose 4*s = s. Suppose 4*g + s*g = -88. What is the remainder when 81 is divided by 1530/55 - 4/g?
25
Let m = -75 + 94. What is the remainder when 66 is divided by m?
9
Suppose 879 = -6*a + 4623. What is the remainder when a is divided by 63?
57
Calculate the remainder when (-7006)/(-10) - 6/(-15) is divided by 11.
8
Let r(y) = y**3 - 2*y**2 + 8*y - 8. Let f be r(6). Suppose -7*a + 667 = f. Suppose -5*m + 2*m = -a. What is the remainder when 89 is divided by m?
20
Let k(s) be the third derivative of -s**4/6 - s**3/2 + 4*s**2. Calculate the remainder when 51 is divided by k(-4).
12
Suppose -2060*t = -2050*t - 1500. What is the remainder when 594 is divided by t?
144
Suppose 312 = 249*m - 236*m. Calculate the remainder when 788 is divided by m.
20
Suppose -5*r = 5*s - 440, -6*r + 73 = s - 2*r. What is the remainder when s is divided by 20?
13
Calculate the remainder when (68/170)/(((-2)/65)/(-2)) is divided by 14.
12
Let o be ((-4)/(-6))/((-4)/(-348)). Suppose -x = 4*k - 37, -k + o = x + 18. What is the remainder when x is divided by 6?
5
Suppose 3*f - 9 = 138. Let a = f + -30. What is the remainder when 36 is divided by a?
17
Suppose 3*k = k + 100. Suppose -79*i = -3660 - 4082. Calculate the remainder when i is divided by k.
48
Let r = -67 + 121. Let h(t) = -t**3 - 2*t**2 + 11*t - 6. Calculate the remainder when r is divided by h(-5).
12
Let s(j) = 69*j**3 + 2*j**2 + j - 2. Let a be s(1). Let q = 378 - 248. Suppose a = 5*i - q. Calculate the remainder when i is divided by 14.
12
Suppose 0 = -12*o + 65*o - 5300. Calculate the remainder when o is divided by 26.
22
Let n = -7 + 9. Suppose -2*k + 3*k = 24. Calculate the remainder when (6/k)/(2/24) is divided by n.
1
Calculate the remainder when 119 is divided by ((-4664)/(-265))/(4/10).
31
Suppose 0 = g - 3347 + 819. Suppose 7*o + 8*o = 540. What is the remainder when g/o - (-4)/(-18) is divided by 18?
16
Let w(o) = -o**3 + 8*o**2 - 9*o - 1. Calculate the remainder when 48 is divided by w(6).
14
Let s = 27 - 27. Calculate the remainder when 14 is divided by -2*(10/(-4) + s).
4
Suppose 0 = -4*c - c + 85. Suppose -2*u - c + 53 = 0. Calculate the remainder when 71 is divided by u.
17
Let w(b) = 5*b**3 - 22*b**2 + 26*b + 1. What is the remainder when w(6) is divided by 64?
61
Let v(f) = 3*f**2 + 8*f - 17. Calculate the remainder when 109 is divided by v(2).
10
What is the remainder when 80 is divided by 161/(-28)*(-4)/((-2)/(-2))?
11
Let f = 808 - 687. What is the remainder when 357 is divided by f?
115
Suppose 7*i + 6 = 10*i, -5*t + 365 = -5*i. What is the remainder when 523 is divided by t?
73
What is the remainder when 86 is divided by 28 - (-7)/(35/5)?
28
Suppose -3*v - 2640 = 8*v. Calculate the remainder when 148 is divided by 7/((-35)/v) - -2.
48
Let i = 29 - 20. Suppose 5*f = -i + 49. Calculate the remainder when 23 is divided by f.
7
Let z(t) = -8*t**2 - 2 - 3 + 9*t**2 - t + 2*t. Let u be z(-4). Let k(g) = g**2 - 4*g - 9. What is the remainder when 21 is divided by k(u)?
9
Suppose 337 - 17 = -4*j. Let h = -41 - j. Calculate the remainder when h is divided by 11.
6
Let h = -1210 + 1228. Calculate the remainder when h is divided by 6.
0
Let d = 125 + -109. What is the remainder when 120 is divided by d?
8
Suppose -403 = -104*x + 1220 + 7009. Let a = 32 - 18. What is the remainder when x is divided by a?
13
Let f(j) = j**2 + 2*j - 203. Calculate the remainder when 307 is divided by f(15).
47
Suppose -17*y + 38 = -557. Calculate the remainder when 347 is divided by y.
32
Let z = -15 + 0. What is the remainder when ((-16)/10)/(z/150) is divided by 10?
6
Let k(i) = -i**2 + 12*i - 2. What is the remainder when 164 is divided by k(5)?
32
Suppose -15*v + 2*v = 0. Suppose -5*y + 3*y + 6 = d, d + 4*y = v. Calculate the remainder when 18 is divided by d.
6
Suppose -12*z + 9*z + 210 = 0. Calculate the remainder when z is divided by (2/(-5))/((-2)/90).
16
Suppose 0 = -z + 4*s + 21, 40 = z + 3*z - 5*s. Let h(a) = -2*a**2 + 4*a + 1. Let c be h(2). Calculate the remainder when (c/(-2))/((-5)/360*3) is divided by z.
2
Let z be 16/(-6)*(-156)/(-8). Let a = -44 - z. Calculate the remainder when 30 is divided by a.
6
Suppose -5*t + 4*f = -f - 25, -3*t + f + 25 = 0. Let k = -629 + 646. Calculate the remainder when k is divided by t.
7
Suppose -9*u = -4*u + 10, 4*n = 4*u + 900. What is the remainder when n is divided by 76?
71
Let g be (-1)/(-3)*(-10 - -1). Let f be 72/16 + g/(-2). Suppose 2*t = f*t - 124. What is the remainder when t is divided by 8?
7
Let v = -26 + 31. Suppose -v*w = -0*w - 80. Let r = -15 + w. What is the remainder when 3 is divided by r?
0
Let g(z) = z**2 + 8*z - 9. Let l be g(-7). What is the remainder when 44 is divided by 19 - 3/(12/l)?
21
Let b = -550 + 555. What is the remainder when 37 is divided by b?
2
Let f(w) = -14*w - 4. Let u be f(-6). What is the remainder when u/30*(-42)/(-4) is divided by 8?
4
What is the remainder when 33 is div